What is the units digit of v?
1
Let d = 105 + -73. Let p be d/14 + (-4)/14. Suppose -4*q + 108 = 4*k, -p*q + 7*q - 4*k - 162 = 0. What is the tens digit of q?
3
What is the thousands digit of 4/8 + -2 + (-10222)/(-4)?
2
Suppose -h - 2*h = -1269. What is the tens digit of h?
2
Let q = 26 - 17. Suppose -2*o = o + d - q, 2*d = -5*o + 14. Suppose -48 = v - o*v. What is the tens digit of v?
1
Let d(l) = -7*l - 3. Let j be d(-2). Let i = -8 + j. Suppose 0*x + 4*x - 92 = 2*t, 54 = 2*x + i*t. What is the tens digit of x?
2
Suppose -6 = 5*n - 7*n. Let v be 3/(22/4 - 4). Suppose -b - 4*s = -3*b + 20, v*b - 34 = -n*s. What is the units digit of b?
4
Suppose -5*f + 1476 = -3*d, -7*f = -3*f + 2*d - 1194. What is the hundreds digit of f?
2
Let g(i) = -10*i + 33. Let v(r) = -6*r + 4. Let u be v(2). What is the hundreds digit of g(u)?
1
Let m = 88 - -347. What is the tens digit of m?
3
Let r = 36 - 30. Let q be (3 - 7) + r + 1. Suppose -130 - 2 = -q*v. What is the tens digit of v?
4
Suppose 23*b - 19*b = 1880. What is the units digit of b?
0
Let c(n) = 4 + 2*n**2 + 5*n**2 - 6*n - 5*n**2 - n**2. Let k be c(5). Let h = 4 - k. What is the units digit of h?
5
Let z be ((-272)/1)/4*-2. Let o = z - 65. Let h = -39 + o. What is the tens digit of h?
3
Suppose -2*w - 12*h + 1285 = -7*h, -2*h + 1300 = 2*w. What is the units digit of w?
5
Let t = -14 - -17. Suppose -4 = r, t*n - r - 22 = 60. What is the units digit of n?
6
Suppose t - 2*t + 671 = k, 0 = -3*k - 2*t + 2013. What is the tens digit of k?
7
Suppose -3*w = -528 - 204. What is the tens digit of w?
4
Let c = 1657 + -867. What is the hundreds digit of c?
7
Suppose 0 = 4*p + 3*h - 521, 0 = -p - 71*h + 66*h + 126. What is the units digit of p?
1
What is the thousands digit of (-132*1*73/(-2))/2?
2
Let d(v) = -5*v**2 + 32*v + 45. Let t(i) = -2*i**2 + 11*i + 15. Let m(l) = 3*d(l) - 8*t(l). What is the units digit of m(-6)?
3
Let g(k) = k + 4. Let w(s) = -s - 4. Let r(l) = 5*g(l) + 4*w(l). Suppose 3*p = p - 5*n - 1, -5*p = -2*n + 17. What is the units digit of r(p)?
1
Suppose 2535 = -p + 2*p. What is the units digit of (-11)/((-132)/p) + 3/4?
2
Let n(p) = 2*p**2 + 4*p - 1. Let u be n(-4). Let m = 39 - u. What is the units digit of m?
4
Let i be -2*(0 + (3 - 5)). Suppose 3*m = i*m - 4. What is the tens digit of 8/(m/(-2))*-6?
2
Suppose 0 = 6*v - 18*v - 10848. What is the units digit of 5/((-30)/v) + (-12)/18?
0
Let f = -10 - -14. Suppose f*n + 5*t = -80, 6*t - t = -3*n - 60. What is the units digit of 2/(-2) + (1 - n)?
0
Let z be -4 - -6 - -80 - -1. Suppose 3*m - z = 5*v, 2*v + 53 = -3*m + 129. What is the tens digit of m?
2
Let h = -12 - -308. What is the tens digit of h?
9
What is the units digit of 1/((-5)/(-250)*6/3)?
5
Suppose -c + 108 = 2*c. Suppose 33*g = c*g - 69. What is the tens digit of g?
2
Let j(f) = 12*f - 30*f + 13*f - 1. What is the tens digit of j(-4)?
1
Let a(u) = u**2 + 10*u - 9. Let y be a(-11). Let q(n) = 2*n**3 - n + 3. What is the units digit of q(y)?
7
Let p be -659 + (20/1)/5. What is the units digit of p/(-10) + 9/6?
7
Let o be 6/(-1 - 9/(-3)). Suppose -4*i + 273 = o*i. Suppose 5*x - d = 4*x + 7, 5*x - 3*d = i. What is the units digit of x?
9
Suppose -2*u = -5*l - 1106, -5*u = -5*l - 663 - 2087. What is the tens digit of u?
4
Let t(q) = -9 + 10 - 4*q + 4*q**2 - 5*q**2 + 9. Let b be t(-6). What is the units digit of ((-20)/10)/(1/b)?
4
Let n(c) = c**2 - 11*c + 30. What is the hundreds digit of n(-13)?
3
Let t(n) = -3*n - 15. Let c be t(-6). Suppose f = 5, -c*f = 2*q + 2*f - 165. Suppose -3*v - 5*w - q = -4*v, 0 = -v + 4*w + 68. What is the tens digit of v?
6
Let y(o) = 6*o**2 + 7*o + 3. What is the tens digit of y(-6)?
7
What is the units digit of -7 + 12/18*1392?
1
Suppose 0 = -123*v + 132*v - 30006. What is the hundreds digit of v?
3
Let t(l) be the first derivative of l**3/3 + l**2 - 3*l - 1. Suppose -3*k = -4 + 25. What is the tens digit of t(k)?
3
Suppose 118 = v - 3*v. Let t = -21 - v. What is the units digit of t?
8
Suppose 3*y = -2*k + 12, 3*k - 6 = -5*y + 13. Suppose -k = 5*d - 13. Suppose -3*o - d*o = -165. What is the tens digit of o?
3
Let p = 21 - 17. Suppose 4*q + 5*a = 88, 3*q - 67 = -0*a - p*a. What is the tens digit of q?
1
What is the units digit of (-20799)/(-15) + (-12)/(-30)?
7
Let q(z) = 5*z**3 - 9*z**2 + 4*z - 6. Let h be 10*(-6*(-4)/(-40) + 1). What is the tens digit of q(h)?
8
What is the tens digit of -7*((-13092)/14)/3?
8
Let u be (-5)/(-4)*1*-12. Let h(k) = k**3 + 14*k**2 - 23*k - 26. What is the units digit of h(u)?
4
Suppose 106*t + 90350 = 131*t. What is the hundreds digit of t?
6
Suppose 0 = 24*y - 52*y + 66220. What is the tens digit of y?
6
Let s = 2284 - 410. What is the tens digit of s?
7
Let k = 13 + -13. Suppose 3*v - 12 = k, -2*a + 2*v + 6 = v. Suppose -n = i - 17, 3*n = a*i + 51 + 16. What is the units digit of n?
9
Let h = -16 + 16. Suppose h = 2*w - 5*t - 147, 5*w - 4*t - 396 = -20. What is the units digit of w?
6
What is the hundreds digit of 6/(-12)*18 - -2427?
4
What is the units digit of ((-208)/65 - -4)*14330/4?
6
Let z be (-12)/(-8) + (-100)/8. Let a = 12 + z. What is the units digit of a?
1
Let i = -9 + 14. Suppose i*r + 4*s = 5*s - 13, 2*s = r - 1. What is the tens digit of ((-3)/9)/(r/171)?
1
Suppose 6 = i + s - 1, 5*s = 10. Suppose 0 = -5*j - 3*o + i*o + 584, 2*j = o + 234. What is the tens digit of j?
1
Suppose 0 = -2*p - 2*h + 12, 3*p + 3*h + 2*h - 12 = 0. Suppose -3*t + 3*y = -45, -2*t = 4*y - p*y - 15. Suppose 3*r = 80 - t. What is the units digit of r?
0
Suppose 10*f = d - 888 - 830, -8537 = -5*d - 3*f. What is the units digit of d?
8
Let d = 146 + -80. Let n = 19 + -16. Suppose -3*w + d = -n. What is the tens digit of w?
2
What is the hundreds digit of 161106/198 + -1*5/3?
8
Let h = 1082 - -1540. What is the thousands digit of h?
2
Let l = -726 + 1038. What is the units digit of l?
2
Suppose -11*m = -12*m + 179. Let u = m - 41. What is the units digit of u?
8
Suppose 0 = -12*b + 2335 + 8237. What is the tens digit of b?
8
Suppose -a + 2*o + 6 - 2 = 0, 0 = 5*a + 4*o - 20. Suppose -7*r + 2*r = -60. What is the tens digit of 12/(a*3/r)?
1
Suppose -4*j - j - 2*y + 20 = 0, -5*j - 5*y + 35 = 0. Suppose -5*n + j*k + 193 = -283, 15 = -5*k. What is the units digit of n?
4
Suppose 4140 = 2*l + 7*l. What is the tens digit of l?
6
Suppose s - 3*w - 17 = 0, 0 = 4*s - 3*w - 29 - 12. Suppose s*k - 10*k - 812 = -4*f, -3*f - 4*k = -587. What is the units digit of f?
1
Suppose -8*q + 668 = -6*q. What is the tens digit of q?
3
Suppose -9*w + 828 = 3*w. What is the units digit of (6 - 5)*1*w?
9
Suppose -5*f - 10 = 5*l, 2*l + 3*l + 3*f + 2 = 0. What is the tens digit of ((-296)/(-6) - l/6) + 0?
4
Let n(z) = z**2 + 5*z - 4. Let x be (-2 + 4 + -5)/(-1). What is the units digit of n(x)?
0
Suppose 5*d = 29 - 4. Suppose 4*b + x - 385 - 245 = 0, 0 = d*b + x - 788. What is the tens digit of b?
5
What is the tens digit of (2 - 72)/(11/(-55))?
5
Suppose -4*s + 16 = 8. Suppose s*u - n - 157 = -u, -u + 47 = 5*n. Suppose -103 = -3*k + k - m, m = -k + u. What is the units digit of k?
1
Let n = 11 + -7. Suppose -q + 5 = -n. Let c = q - -3. What is the tens digit of c?
1
Let q = -366 + 415. What is the units digit of q?
9
Let z = -540 - -1863. What is the tens digit of z?
2
Let w = -44 + 47. Suppose 5*v - 2*r - 295 = 0, -w*v - 3*r + 6*r + 186 = 0. What is the tens digit of v?
5
Let q(a) = -7*a + 3. Let v(x) = 4*x - 2. Let k(i) = -3*q(i) - 5*v(i). Let c be k(1). What is the units digit of c - 1 - (4 + -17)?
4
Suppose 6*s - 1905 - 747 = 0. What is the tens digit of s?
4
Suppose 6*q = q - 210. Let a = q + 71. What is the tens digit of a?
2
Suppose 5*x = 2*p + 4, -3*p + x + 3*x = 20. What is the tens digit of (665/28)/((-3)/p)?
9
Let w(n) = -n**2 + 3. Let f be w(2). What is the units digit of 138 - (1 - (3 + f + 1))?
0
Suppose -3069 = -30*z + 27*z. What is the tens digit of z?
2
What is the units digit of ((-3)/2)/(126/(-95592)) + -5?
3
Suppose 0*q - 1104 = -8*q. What is the tens digit of q?
3
Let q(g) = -2*g + 12. Let o be q(5). Suppose o*v - 3*v = -4*f + 277, -5*f + 343 = 2*v. What is the units digit of f?
9
Let l = -696 + 974. What is the units digit of l?
8
Let v(u) = -u**2 + 16*u - 14. Let o be v(16). What is the units digit of (o/(-5))/(6/15)?
7
Let r = 96 + -57. S